44. Suppose -6 - 9 = 5*h. What are the prime factors of h*(4/m)/(-1) - -107?
2, 5, 11
Let s(w) = 739*w - 581. What are the prime factors of s(26)?
3, 6211
What are the prime factors of 2256 - ((78/(-52) - 5/(-2)) + -5)?
2, 5, 113
Let s be 41/(-3) - (-9 + 4)/(-15). Let g = -11 - s. List the prime factors of (-1 + g)/((-3)/(-87)) - 3.
5, 11
Let u(h) = 40*h - 18. Let m be u(8). Suppose 4*c = -14 + m. List the prime factors of c - 2 - (-3 + 3).
2, 5, 7
Suppose 4*m = 3*y - 45, -m - 4 = -2*y + 11. Let o be (-9 - m)*(1 + 0). Suppose o = q - 52 - 104. What are the prime factors of q?
2, 3, 13
Let c(m) = -8*m**3 - 15*m**2 - 40*m + 16. What are the prime factors of c(-14)?
2, 59, 83
Let f = -8049 + 15206. What are the prime factors of f?
17, 421
Let l = -922 - -1007. Let k(c) = -20*c**3 + 2. Let a be k(-2). Let b = a - l. What are the prime factors of b?
7, 11
Suppose -g + 39457 = 5*o, -4*o - 5*g + 36638 - 5064 = 0. List the prime factors of o.
13, 607
Let y = 247 - 274. List the prime factors of (-3)/y + (-59283)/(-81).
2, 3, 61
Let f be 104/(-130)*(-15)/2. Suppose -f*k + 1014 = -2166. List the prime factors of k.
2, 5, 53
Suppose 192482 + 65914 = 4*g. What are the prime factors of g?
3, 61, 353
Let x(i) = -i**2 + 8*i - 38. Let d be x(0). Let g = d - 7. What are the prime factors of (14/5)/((-181)/g + -4)?
2, 3, 7
List the prime factors of 3879188/76 + (-14)/(-266).
2, 3, 47, 181
Let r = 1603 + -1091. Let z = -389 + r. What are the prime factors of z?
3, 41
List the prime factors of ((-1)/(-3) - (-159085)/15) + -5.
10601
Suppose 5*x = 2*o + 225, -3*x + 135 = 2*o - 6*o. Let g be 0 - (x/(-12) + (-4)/16). What are the prime factors of (-21)/14 - (-558)/g?
2, 3, 23
Suppose 3*p + 4*n = 598, 4*p + 5*n = -131 + 927. Suppose 1182 = -191*j + p*j. What are the prime factors of j?
2, 197
Suppose -22*w = -40*w - 90. What are the prime factors of (28 + 2)/(w/165*-3)?
2, 3, 5, 11
Let u be ((-48)/(-32))/(2/(-4)). Let f be (u - -3)*1/1. Suppose f*o + 4*o = 532. List the prime factors of o.
7, 19
Suppose 112*u - 2*y = 111*u + 18868, -56631 = -3*u + 3*y. List the prime factors of u.
2, 7, 19, 71
Let g(m) = -7*m - 72. Let l be g(-13). Suppose 0 = -2*i - 8, 558 = 2*f - 20*i + l*i. What are the prime factors of f?
277
Suppose -22*s = 6558 - 1608. List the prime factors of 75/s - (2612/(-6) + 2).
433
Let z = 36264 + -7874. What are the prime factors of z?
2, 5, 17, 167
Suppose -11 - 4 = -5*g. Suppose -g*r = 6*l - l - 975, -2*l = r - 326. What are the prime factors of r?
2, 5
Let j be 21 + -10 - (1 - -5). Suppose 2*d + j*i - 1076 = 0, -1261 - 360 = -3*d - 4*i. What are the prime factors of d?
3, 181
Suppose 0 = 49*u - 63*u + 280. Suppose 0 = -3*n + 3*c + 48, n - u = 2*c - 0*c. List the prime factors of n.
2, 3
Suppose 2107 = 7*g - 2268. Let b = 1111 - g. List the prime factors of b.
2, 3
Let n(u) = 235*u + 293. List the prime factors of n(12).
11, 283
Suppose -256*o - 529625 = -281*o. List the prime factors of o.
5, 19, 223
List the prime factors of 6508 + 19/((-133)/(-98)).
2, 3, 1087
What are the prime factors of ((-227)/(-4) - -1)/(11*(-3)/(-7568))?
2, 7, 11, 43
Suppose 0 = -78*a + 89*a - 34980. List the prime factors of a.
2, 3, 5, 53
Suppose -187*c + 403244 - 344618 = -1435317. List the prime factors of c.
3, 2663
Let w(n) be the third derivative of -7/24*n**4 - 38*n**2 + 0*n**3 + 0 + 0*n. What are the prime factors of w(-3)?
3, 7
Let t be ((-30)/18)/((-6)/18). Suppose -t*o + 4*b = -5933, 2519 + 2240 = 4*o + b. List the prime factors of o.
29, 41
Let j(x) = -3*x + 413 - 5*x - 386 + 5*x. Let f(d) = d**3 - 9*d**2 - 12*d + 12. Let g be f(10). List the prime factors of j(g).
3, 17
Let m(l) = l**3 - 3*l**2 - 4*l + 2. Let d be m(8). Suppose -d = -6*z + 376. What are the prime factors of (z - -1) + 2/2*0?
2, 7
Let a = -22 - -27. Suppose -5*j + 3*n = 4*n + 653, a*j = -3*n - 659. Let p = j - -296. List the prime factors of p.
2, 83
Let o(k) = -k**3 + 17*k**2 - 27*k - 43. Let g be o(15). Suppose g*r - 700 = 300. What are the prime factors of r?
2, 5
Let l(h) = h**2 + h + 68. Suppose -4*d = -13*d. Let s be l(d). Suppose -4*z + 236 - s = 0. What are the prime factors of z?
2, 3, 7
What are the prime factors of 96057/(-33)*-6 + (-212)/(-2332)?
5, 7, 499
Let m be 4802/21 + -5 - 1/(-3). Suppose -b = -p - 0*p + 112, 0 = 2*p + 2*b - m. What are the prime factors of p?
2, 7
Let n = 49 - 37. Suppose -n*d + 1720 = -8*d. What are the prime factors of d?
2, 5, 43
Let x be 1520/57 + (-2)/(-6). Suppose -25*w - 438 = -x*w. Suppose -w - 15 = -3*l. List the prime factors of l.
2, 3, 13
Suppose 46 = 18*x - 8. Suppose -l + 639 = -2*y, -x*l - 4*y = -0*l - 1957. List the prime factors of l.
647
Suppose 168 - 204 = -18*x. What are the prime factors of (-12)/(-2) + (x - -1888)/3?
2, 3, 53
Suppose 4454091 + 7684857 = 402*d - 3091224. What are the prime factors of d?
2, 19, 997
What are the prime factors of (8/(-18) - (-460)/225)*13180?
2, 659
Let s = -5633 + 9837. List the prime factors of s.
2, 1051
List the prime factors of ((-2490441)/655)/(1/(-5)).
3, 6337
Let g(n) = -66*n. Let o be (54/(-45))/(6/30). What are the prime factors of g(o)?
2, 3, 11
Suppose 8*d + 5*n = 3*d + 15, -2*n = 4. Suppose d*b = y - 19, 9*y + 145 = 13*y + 3*b. List the prime factors of y.
2, 17
Let k be (-96)/(-14)*(-147)/(-14). Let i = k + -48. Let t = 126 - i. What are the prime factors of t?
2, 3, 17
Let r(a) = -a**3. Let p be r(0). Suppose -14700 = -42*f - 7*f. Suppose p*s + 4*s - f = 0. What are the prime factors of s?
3, 5
Let t = -281 - -285. Suppose 0 = 3*a - 12, -5*n + 0*a - t*a + 4951 = 0. List the prime factors of n.
3, 7, 47
Suppose 25 = 6*s + 7. Suppose 21 = -4*a + 9, 0 = -s*g + 2*a + 1236. List the prime factors of g.
2, 5, 41
List the prime factors of (-148530)/5*22/(-66).
2, 4951
Let t(p) = 87*p + 19. Let d be t(6). Suppose -3*w = -557 - d. What are the prime factors of w?
2, 3, 61
Suppose -2*q - 66 = -5*q. Suppose q*h = 6330 + 7992. List the prime factors of h.
3, 7, 31
Let j(a) = -2*a - 3*a + 11 + a - 7*a. Let x be j(2). Let i(h) = -h**3 - 10*h**2 + 6*h + 4. List the prime factors of i(x).
59
Let r(o) = -19*o + 16. Let x = -55 + 61. Suppose -9 = x*n + 33. List the prime factors of r(n).
149
Let k be ((-22)/5 + 4)/((-2)/10). Suppose -4*v + 9*v + 17 = -k*t, -11 = t + 3*v. What are the prime factors of 30/50 - 108/(-5)*t?
3, 29
Suppose 20*k = 1118511 - 237111. List the prime factors of k.
2, 3, 5, 13, 113
Suppose 2*g - 69558 = -18*c + 15*c, 4*c + 4*g - 92736 = 0. What are the prime factors of c?
2, 3, 5, 773
Suppose 6*h = 4*h - 222. Let z = h + 71. Let x = -22 - z. What are the prime factors of x?
2, 3
Let n(q) = q**2 - 10*q + 12. Let v be n(9). Suppose -2*p = 3*z - 1565, p + v*z - 451 = 333. List the prime factors of p.
11, 71
Suppose 317*v - 291*v - 187590 = 0. What are the prime factors of v?
3, 5, 13, 37
Suppose -4*x + i = 5*i - 52, -4*x + 49 = i. Let v(s) = 32*s - 52. Let w be v(x). Let t = 521 - w. List the prime factors of t.
3, 7
Let f(t) = -13*t + 3. Let g(o) = 66*o - 16. Let b be ((-2)/4)/((-2)/16). Let n(z) = b*g(z) + 22*f(z). What are the prime factors of n(-4)?
2, 3, 5
Let m(f) = 89*f + 257. Let d(k) = 89*k + 255. Let x(h) = -6*d(h) + 5*m(h). List the prime factors of x(-12).
823
Let f = -15 - -25. Suppose -14 = -f*g + 36. Suppose 0 = 3*q + 2*c + 11 - 51, q - g*c - 36 = 0. List the prime factors of q.
2
Let p(k) = 2*k**2 + 6*k + 6. Let g be p(-2). Suppose 0*m + g*m - 1214 = 0. What are the prime factors of m?
607
Let r be (-13452)/(-5) + (9 - 235/25). Suppose -v = 4*v + 15, -r = -2*m - 4*v. What are the prime factors of m?
7, 193
List the prime factors of (2 - (-13 + 16308))*-1.
3, 5431
Suppose -58*q + 56*q + 838 = 0. Let b = q + -151. List the prime factors of b.
2, 67
Let n(p) = -p + 7. Let h be n(9). Let v(i) = -4*i**3 - 4*i**2 - 6*i - 7. Let a be v(h). List the prime factors of 2338/a - (-2)/(-6).
3, 37
Let m(k) = 11*k + 70. Let f be m(-6). Suppose 3*x + 3*y - 771 = 0, -2*y - f = -8. What are the prime factors of x?
3, 5, 17
Let u(y) = 2*y**2 + 33*y + 20. Let c be u(-16). Suppose -c*g = -3*s - 51, -18 + 5 = -g + s. Let w = 24 - g. What are the prime factors of w?
2, 3
Let o be 52/65*45/1. Suppose 1521 = 9*x + o. Let c = x + -41. List the prime factors of c.
2, 31
Suppose 0 = -360*r + 341*r + 3